{"id":494,"date":"2015-06-09T16:19:19","date_gmt":"2015-06-09T16:19:19","guid":{"rendered":"https:\/\/www.civispro.it\/matradalegale6\/?page_id=494"},"modified":"2015-06-09T16:19:19","modified_gmt":"2015-06-09T16:19:19","slug":"cookie-policy","status":"publish","type":"page","link":"https:\/\/www.civispro.it\/matradalegale6\/cookie-policy\/","title":{"rendered":"Cookie Policy"},"content":{"rendered":"<h3 style=\"text-align: justify;\">Cosa sono i cookie e come li usiamo<\/h3>\n<p style=\"text-align: justify;\">Un cookie \u00e8 un file di testo che viene memorizzato su computer, tablet, telefoni cellulari e su qualunque dispositivo utilizzato per navigare in Internet, in grado di memorizzare le informazioni di navigazione dell\u2019utente e le sue preferenze. Alcuni cookies possono essere utilizzati, come si vedr\u00e0 meglio infra, per rendere la navigazione pi\u00f9 facile e personalizzare la vostra esperienza sui nostri siti web, consentendo all\u2019utente di\u00a0 essere identificato al momento dell\u2019utilizzo del nostro sito web ed usare carrelli per gli acquisti on line, cos\u00ec come possono indicarci quali parti dei nostri siti vengono visitate ed aiutarci a valutare l\u2019efficacia di pubblicit\u00e0 e di analizzare il comportamento degli utenti\u00a0 per migliorare le nostre comunicazioni e i nostri prodotti.<\/p>\n<p style=\"text-align: justify;\">Durante la navigazione possiamo raccogliere le informazioni relative al flusso di traffico ed alle visite delle pagine del nostro sito web. Ogni informazione, ottenuta attraverso i cookies, sar\u00e0 trattata e conservata in modo sicuro.<\/p>\n<p style=\"text-align: justify;\">La finalit\u00e0 dell\u2019utilizzo dei cookies \u00e8 di personalizzare l&#8217;accesso al sito web, ottimizzando la navigazione ed il funzionamento del sito, migliorare i nostri servizi e fornire contenuti e\/o pubblicit\u00e0 relative alle preferenze dell&#8217;utente, analizzando le abitudini di navigazione.<\/p>\n<p style=\"text-align: justify;\">CivisPro rispetta le disposizioni contenute nel Codice in materia di protezione dei dati personali (\u201cCodice privacy\u201d), cos\u00ec come modificato dal Decreto legislativo 28 maggio 2012, n. 69, in recepimento della direttiva europea 2009\/136\/CE.<\/p>\n<h3 style=\"text-align: justify;\">Tipi di cookie<\/h3>\n<p style=\"text-align: justify;\">I cookies possono essere classificati in:<\/p>\n<p style=\"text-align: justify;\">&#8211; Cookies di sessione: che vengono rimossi quanto l\u2019utente chiude il browser e che, pertanto, hanno una durata limitata alla tua visita;<\/p>\n<p style=\"text-align: justify;\">&#8211; Cookies permanenti: che rimangono nel dispositivo utilizzato per navigare in Internet per un tempo determinato. Questi cookie hanno date di scadenza tipiche e, pertanto, la loro durata varia\u00a0 a seconda del cookie utilizzato.<\/p>\n<p style=\"text-align: justify;\">&#8211; Cookies proprietari e Cookies di terze parti: a seconda che essi appartengano al titolare del sito web o ad una terza parte.<\/p>\n<p style=\"text-align: justify;\">Per i nostri siti web ed altri servizi on line utilizziamo le seguenti categorie di cookie:<\/p>\n<h4 style=\"text-align: justify;\"><em>1. Cookie strettamente necessari<\/em><\/h4>\n<p style=\"text-align: justify;\">Questi cookies sono essenziali per il corretto funzionamento dei nostri siti web e per utilizzare e\/o migliorare le varie funzioni e servizi richiesti.<\/p>\n<p style=\"text-align: justify;\">Senza questi cookies non sarebbe possibile gestire e ricordare, a mero titolo esemplificativo, l\u2019autenticazione dell\u2019utente, l\u2019accesso all\u2019area riservata del sito internet, il contenuto del carrello per gli acquisti on line, la fatturazione elettronica, la realizzazione del processo di acquisto di un ordine.<\/p>\n<p style=\"text-align: justify;\">Ai sensi della direttiva 2009\/136\/CE, recepita dal D.Lgs. 28 maggio 2012 n. 69, e del provvedimento del Garante per la protezione dei dati personali relativo all\u2019\u201cIndividuazione delle modalit\u00e0 semplificate per l\u2019informativa e l\u2019acquisizione del consenso per l\u2019uso dei cookies\u201d dell\u20198 maggio 2014, pubblicato sulla Gazzetta Ufficiale n. 126 del 3 giugno 2014, essendo i cookies tecnici essenziali per il corretto funzionamento di un sito web possono essere utilizzati anche senza il preventivo consenso dell\u2019utente, fermo restando l\u2019obbligo di informativa ai sensi dell\u2019art. 13 del Codice privacy.<\/p>\n<h4 style=\"text-align: justify;\"><em>2. Cookie di analisi (cd. Analytics cookie)<\/em><\/h4>\n<p style=\"text-align: justify;\">Questi cookies ci consentono di perfezionare i nostri siti web monitorando ed analizzando il comportamento degli utenti e creando dei loro profili al fine di apportare miglioramenti ai nostri siti web che rendano pi\u00f9 facile la navigazione.<\/p>\n<p style=\"text-align: justify;\">Per esempio, i cookies di analisi possono aiutarci a tener traccia di quali sono le pagine visitate frequentemente, quali sono le preferenze dell\u2019utente, quali prodotti sono gi\u00e0 stati visualizzati per evitare che vengano riproposti, se la pubblicit\u00e0 che viene pubblicata sul sito web \u00e8 efficace o meno, se e quali difficolt\u00e0 l\u2019utente incontra nell\u2019utilizzo del sito.<\/p>\n<p style=\"text-align: justify;\">Al fine di analizzare le modalit\u00e0 di utilizzo dei siti web, CivisPro si avvale anche del servizio di analisi web Google Analytics fornito da Google. In particolare, Google Analytics utilizza i cookies (sia temporanei sia permanenti) al fine di raccogliere, in forma anonima, informazioni sulle modalit\u00e0 di utilizzo del nostro sito web da parte degli utenti (compresi gli indirizzi IP)che saranno trasmesse dal browser dell\u2019utente sui server di Google con sede negli Stati Uniti. Le informazioni raccolte saranno utilizzare da Google allo scopo di valutare l\u2019utilizzo del sito internet da parte dell\u2019utente, compilare dei report sull\u2019attivit\u00e0 del sito internet utili agli operatori dello stesso sito e fornire altri servizi relativi all\u2019attivit\u00e0 del sito e all\u2019utilizzo di internet. Google potr\u00e0 anche trasferire queste informazioni a terzi ove ci\u00f2 sia imposto dalla legge o laddove tali terzi trattino le suddette informazioni per conto di Google.<\/p>\n<p style=\"text-align: justify;\">Si precisa che Google aderisce ai principi sulla privacy contenuti nell\u2019accordo Safe Harbor tra UE e Stati Uniti che definisce regole sicure e condivise per il trattamento dei dati personali effettuato verso societ\u00e0 presenti sul territorio americano. Per ulteriori informazioni sulla normativa Safe Harbor consulta il sito web del Dipartimento del Commercio statunitense.<\/p>\n<p style=\"text-align: justify;\">Ulteriori informazioni in merito al servizio Google Analytics ed alle procedure da seguire per disabilitare i cookie possono essere trovate i seguenti collegamenti:<\/p>\n<p style=\"text-align: justify;\"><a href=\"http:\/\/www.google.com\/intl\/en\/analytics\/privacyoverview.html\" target=\"_blank\" rel=\"noopener\">http:\/\/www.google.com\/intl\/en\/analytics\/privacyoverview.html <\/a><\/p>\n<p style=\"text-align: justify;\"><a href=\"https:\/\/developers.google.com\/analytics\/devguides\/collection\/analyticsjs\/cookie-usage\" target=\"_blank\" rel=\"noopener\">https:\/\/developers.google.com\/analytics\/devguides\/collection\/analyticsjs\/cookie-usage<\/a><\/p>\n<p style=\"text-align: justify;\">Tali dati non permettono di identificare personalmente l\u2019utente: tutti i dati raccolti sono aggregati ed in quanto tali anonimi.<\/p>\n<h4 style=\"text-align: justify;\"><em>3. Cookie pubblicitari e di pubblicit\u00e0 comportamentale<\/em><\/h4>\n<p style=\"text-align: justify;\">Questi cookies sono utilizzati da CivisPro per raccogliere dati sulle abitudini di navigazione e le preferenze dell\u2019utente al fine di sviluppare un profilo specifico per personalizzazioni dell\u2019offerta commerciale, per il compimento di ricerche di mercato o di vendita a distanza.<\/p>\n<p style=\"text-align: justify;\">Nei servizi online a pagamento questi cookie sono un prezioso strumento per consentire a CivisPro il continuo miglioramento del prodotto, l\u2019offerta di servizi pi\u00f9 efficienti e con caratteristiche sempre pi\u00f9 prossime alle reali esigenze dell\u2019utente.<\/p>\n<p style=\"text-align: justify;\">L\u2019utente pu\u00f2 decidere di rifiutare l\u2019utilizzo di questa categoria di cookies utilizzando lo strumento di opt-out previsto nella pagina delle impostazioni del proprio browser, oppure in base a quanto di seguito specificato.<\/p>\n<h4 style=\"text-align: justify;\"><em>4. Cookie di Terze Parti e Social media cookie<\/em><\/h4>\n<p style=\"text-align: justify;\">Il nostro sito web pu\u00f2 consentire l\u2019utilizzo di cookie di terze parti che potrebbero raccogliere informazioni sugli spostamenti dell\u2019utente in Internet ed, in particolare,\u00a0 nell\u2019ambito dei nostri siti web.<\/p>\n<p style=\"text-align: justify;\">Inoltre, alcune pagine sul nostro sito web sono caratterizzate dalla presenza dei cd. social plugin i quali vi permettono di condividere i nostri contenuti su social media network come Facebook, Twitter, Youtube.<\/p>\n<p style=\"text-align: justify;\">I cookies Terze parti non sono sotto il nostro controllo e, pertanto, per ulteriori informazioni su come la Terza Parte utilizza i cookies, si consiglia di visitare il sito web della Terza Parte di cui qui di seguito si riportano gli indirizzi web ove presenti le diverse informative e modalit\u00e0 di gestione dei cookies Terze parti:<\/p>\n<ul style=\"text-align: justify;\">\n<li>Facebook:\n<ul>\n<li>Informativa: <a href=\"https:\/\/www.facebook.com\/help\/cookies\/\" target=\"_blank\" rel=\"noopener\">https:\/\/www.facebook.com\/help\/cookies\/<\/a><\/li>\n<li>Configurazioni: accedere al proprio account, sezione privacy<\/li>\n<\/ul>\n<\/li>\n<li>Twitter:\n<ul>\n<li>Informativa: <a href=\"https:\/\/support.twitter.com\/articles\/20170514\" target=\"_blank\" rel=\"noopener\">https:\/\/support.twitter.com\/articles\/20170514 <\/a><\/li>\n<li>Configurazioni: <a href=\"https:\/\/twitter.com\/settings\/security\" target=\"_blank\" rel=\"noopener\">https:\/\/twitter.com\/settings\/security <\/a><\/li>\n<\/ul>\n<\/li>\n<li>Youtube:\n<ul>\n<li><a href=\"http:\/\/www.google.com\/policies\/privacy\/\" target=\"_blank\" rel=\"noopener\">http:\/\/www.google.com\/policies\/privacy\/ <\/a><\/li>\n<\/ul>\n<\/li>\n<li>DoubleClick\n<ul>\n<li>Informativa: <a href=\"http:\/\/www.google.com\/doubleclick\/index.html\" target=\"_blank\" rel=\"noopener\">http:\/\/www.google.com\/doubleclick\/index.html<\/a><\/li>\n<li>Configurazioni: <a href=\"hhttp:\/\/www.google.com\/policies\/privacy\/ads\/\" target=\"_blank\" rel=\"noopener\">http:\/\/www.google.com\/policies\/privacy\/ads\/ <\/a><\/li>\n<\/ul>\n<\/li>\n<\/ul>\n<h3 style=\"text-align: justify;\">Gestione dei cookies<\/h3>\n<p style=\"text-align: justify;\">In ogni momento, l\u2019utente pu\u00f2 rifiutare di accettare tutti o alcuni dei <em>cookies <\/em>utilizzati su questo sito web nelle seguenti modalit\u00e0.<\/p>\n<ul style=\"text-align: justify;\">\n<li><strong>Gestione dei nostri cookies utilizzati per finalit\u00e0 di marketing<\/strong><br \/>\nL\u2019utente pu\u00f2 configurare le proprie scelte circa l\u2019utilizzo o meno dei nostri cookies per finalit\u00e0 di marketing attraverso il modulo \u201cGestione Consenso Cookie\u201d che trover\u00e0 in fondo alla presente informativa. Il modulo \u201cGestione Consenso Cookie\u201d non sar\u00e0 invece presente all\u2019interno dei servizi SaaS nei quali vengono utilizzati esclusivamente cookies tecnici. L\u2019eventuale scelta dell\u2019utente di disabilitare l\u2019uso dei nostri cookie di profilazione impedir\u00e0 la successiva memorizzare di ulteriori cookies da parte nostra, mentre i cookies precedentemente installati sul dispositivo dell\u2019utente continueranno ad essere utilizzati sul dispositivo dell\u2019utente. Laddove l\u2019utente volesse cancellare tutti i cookies presenti sul suo dispositivo, potr\u00e0 farlo semplicemente selezionando, sul proprio browser, le impostazioni che consentono di rifiutarli.<br \/>\nOgni browser ha specifiche istruzioni di configurazione. Ulteriori informazioni in merito alle procedure da seguire per disabilitare i cookie possono essere trovati sul sito internet del fornitore del browser.<br \/>\nGoogle Chrome: <a href=\"https:\/\/support.google.com\/chrome\/answer\/95647?hl=it\" target=\"_blank\" rel=\"noopener\">https:\/\/support.google.com\/chrome\/answer\/95647?hl=it<\/a><br \/>\nMozilla Firefox: <a href=\"http:\/\/support.mozilla.org\/it\/kb\/Attivare%20e%20disattivare%20i%20cookie\" target=\"_blank\" rel=\"noopener\">http:\/\/support.mozilla.org\/it\/kb\/Attivare%20e%20disattivare%20i%20cookie <\/a><br \/>\nInternet Explorer: <a href=\"http:\/\/windows.microsoft.com\/it-it\/windows7\/block-enable-or-allow-cookies\" target=\"_blank\" rel=\"noopener\">http:\/\/windows.microsoft.com\/it-it\/windows7\/block-enable-or-allow-cookies<\/a><br \/>\nApple Safari: <a href=\"http:\/\/support.apple.com\/kb\/PH5049\" target=\"_blank\" rel=\"noopener\">http:\/\/support.apple.com\/kb\/PH5049<\/a><\/li>\n<li><strong>Gestione di Google Analytics<\/strong><br \/>\nPer disabilitare soltanto l\u2019uso dei cookies di Google Analytics l\u2019utente pu\u00f2 utilizzare il componente aggiuntivo messo a disposizione da Google al seguente collegamento seguendo la procedura di opt-out indicata da Google <a href=\"https:\/\/tools.google.com\/dlpage\/gaoptout?hl=it\" target=\"_blank\" rel=\"noopener\">https:\/\/tools.google.com\/dlpage\/gaoptout?hl=it <\/a><\/li>\n<li><strong>Gestione cookies di Targeting ed Advertising Terze parti<\/strong><br \/>\nPer maggiori informazioni e\/o per disabilitare i cookies di Targeting ed Advertising, l\u2019utente \u00e8 invece pregato di visitare il seguente sito web: <a href=\"http:\/\/www.youronlinechoices.com\/it\" target=\"_blank\" rel=\"noopener\">http:\/\/www.youronlinechoices.com\/it <\/a><br \/>\nFermo restando quanto sopra, si rileva che disabilitando i cookies sar\u00e0 ancora possibile utilizzare alcune parti dei nostri siti web, ma alcuni servizi potrebbero non essere utilizzabili.<\/li>\n<\/ul>\n<h3 style=\"text-align: justify;\">Conservazione dei dati<\/h3>\n<p style=\"text-align: justify;\">Come osservato in precedenza, la durata dei <em>cookies <\/em>dipende dalla loro natura: i cookies di sessione scadono quando l\u2019utente chiude il <em>browser<\/em>; i <em>cookies<\/em> persistenti hanno date di scadenza tipiche che, a meno di particolari eccezioni, non superano i 20 anni.<\/p>\n<h3 style=\"text-align: justify;\">Modifiche alla cookie policy<\/h3>\n<p style=\"text-align: justify;\">CivisPro si riserva la facolt\u00e0 di apportare delle modifiche alla presente <em>cookie policy<\/em>. L\u2019utente accetta di essere vincolato a tali eventuali e future revisioni e si impegna, pertanto, a visitare periodicamente questa pagina per essere informato su eventuali variazioni.<\/p>\n\n\n<p><center><a href=\"https:\/\/www.civispro.it\/matradalegale6\/modulo-di-contatto\/\"><img decoding=\"async\" id=\"reminder\" src=\"https:\/\/www.civispro.it\/matradalegale6\/wp-content\/themes\/mh-magazine\/images\/parerecivispro.png\" width=\"483\" height=\"51\" border=\"0\"><\/a><\/center><\/p>\n","protected":false},"excerpt":{"rendered":"<p>Cosa sono i cookie e come li usiamo Un cookie \u00e8 un file di testo che viene memorizzato su computer, tablet, telefoni cellulari e su qualunque dispositivo utilizzato per navigare in Internet, in grado di memorizzare le informazioni di navigazione dell\u2019utente e le sue preferenze. Alcuni cookies possono essere utilizzati, come si vedr\u00e0 meglio infra,&hellip;<\/p>\n","protected":false},"author":1,"featured_media":0,"parent":0,"menu_order":0,"comment_status":"open","ping_status":"closed","template":"","meta":{"footnotes":""},"class_list":["post-494","page","type-page","status-publish","hentry","description-off"],"_links":{"self":[{"href":"https:\/\/www.civispro.it\/matradalegale6\/wp-json\/wp\/v2\/pages\/494","targetHints":{"allow":["GET"]}}],"collection":[{"href":"https:\/\/www.civispro.it\/matradalegale6\/wp-json\/wp\/v2\/pages"}],"about":[{"href":"https:\/\/www.civispro.it\/matradalegale6\/wp-json\/wp\/v2\/types\/page"}],"author":[{"embeddable":true,"href":"https:\/\/www.civispro.it\/matradalegale6\/wp-json\/wp\/v2\/users\/1"}],"replies":[{"embeddable":true,"href":"https:\/\/www.civispro.it\/matradalegale6\/wp-json\/wp\/v2\/comments?post=494"}],"version-history":[{"count":1,"href":"https:\/\/www.civispro.it\/matradalegale6\/wp-json\/wp\/v2\/pages\/494\/revisions"}],"predecessor-version":[{"id":495,"href":"https:\/\/www.civispro.it\/matradalegale6\/wp-json\/wp\/v2\/pages\/494\/revisions\/495"}],"wp:attachment":[{"href":"https:\/\/www.civispro.it\/matradalegale6\/wp-json\/wp\/v2\/media?parent=494"}],"curies":[{"name":"wp","href":"https:\/\/api.w.org\/{rel}","templated":true}]}}